, 101, 488321
What are the prime factors of 46537303?
23, 257, 7873
What are the prime factors of 98567382?
2, 3, 16427897
What are the prime factors of 137316492?
2, 3, 1271449
What are the prime factors of 1182277068?
2, 3, 7, 89, 158143
What are the prime factors of 40868175?
3, 5, 163, 3343
List the prime factors of 166609534.
2, 7, 13, 915437
List the prime factors of 3161398201.
13, 19, 12799183
List the prime factors of 27608153.
17, 1624009
List the prime factors of 1219101032.
2, 353, 431693
What are the prime factors of 3748237468?
2, 157, 601, 9931
What are the prime factors of 38711887?
38711887
What are the prime factors of 405346837?
7, 57906691
List the prime factors of 17783357.
89, 199813
What are the prime factors of 1339585?
5, 13, 37, 557
List the prime factors of 17614173.
3, 5871391
List the prime factors of 443041180.
2, 5, 23, 197, 4889
List the prime factors of 1786411146.
2, 3, 13, 31, 738797
List the prime factors of 14677733.
7, 859, 2441
What are the prime factors of 5797654689?
3, 23, 31, 2710451
What are the prime factors of 4874247749?
7, 2153, 323419
List the prime factors of 22481049.
3, 197, 38039
List the prime factors of 196429662.
2, 3, 11, 13, 17, 67
What are the prime factors of 78784619?
29, 2716711
List the prime factors of 14552987.
563, 25849
List the prime factors of 104441725.
5, 1979, 2111
List the prime factors of 55143334.
2, 27571667
What are the prime factors of 137748771?
3, 23, 89, 7477
List the prime factors of 101391047.
29, 1259, 2777
What are the prime factors of 77050685?
5, 41, 375857
What are the prime factors of 648382677?
3, 167, 1294177
What are the prime factors of 18911244?
2, 3, 11, 23, 6229
List the prime factors of 642362429.
6197, 103657
What are the prime factors of 4891038?
2, 3, 815173
What are the prime factors of 19232161?
13, 19, 77863
List the prime factors of 1085706284.
2, 13, 19, 739, 1487
List the prime factors of 414188483.
414188483
List the prime factors of 681336956.
2, 59, 2887021
List the prime factors of 16135694.
2, 8067847
What are the prime factors of 280374286?
2, 5821, 24083
List the prime factors of 676729876.
2, 31, 47, 83, 1399
List the prime factors of 3389962994.
2, 11, 127, 1213301
What are the prime factors of 48431975?
5, 43, 45053
List the prime factors of 1417791755.
5, 17, 16679903
What are the prime factors of 3749543606?
2, 28081, 66763
List the prime factors of 485216305.
5, 7, 13863323
What are the prime factors of 214040239?
7, 2539, 12043
What are the prime factors of 145980084?
2, 3, 29, 419483
List the prime factors of 1105520266.
2, 131, 197, 21419
What are the prime factors of 13940342?
2, 13, 37, 43, 337
What are the prime factors of 68482010?
2, 5, 1439, 4759
List the prime factors of 416863284.
2, 3, 29, 151, 7933
List the prime factors of 2062498823.
7, 11, 1831, 14629
List the prime factors of 6626746230.
2, 3, 5, 13, 16991657
List the prime factors of 2631815498.
2, 13, 101223673
List the prime factors of 109438716.
2, 3, 503, 18131
What are the prime factors of 493257841?
19, 37, 101, 6947
List the prime factors of 212816085.
3, 5, 31, 457669
What are the prime factors of 441488352?
2, 3, 4598837
List the prime factors of 255828743.
6571, 38933
What are the prime factors of 1702347113?
31, 57143
What are the prime factors of 796467070?
2, 5, 7, 43, 103, 367
What are the prime factors of 833803780?
2, 5, 41690189
What are the prime factors of 802990557?
3, 43, 691637
List the prime factors of 2442443723.
179, 13644937
List the prime factors of 37953766.
2, 18976883
What are the prime factors of 294915095?
5, 6637, 8887
What are the prime factors of 59034448?
2, 11, 30493
What are the prime factors of 4657693?
53, 87881
What are the prime factors of 444547039?
227, 1958357
List the prime factors of 209156478.
2, 3, 167, 208739
What are the prime factors of 477113098?
2, 7, 11, 103, 4297
What are the prime factors of 53011520?
2, 5, 19, 8719
What are the prime factors of 3515325483?
3, 1171775161
List the prime factors of 88325132.
2, 7, 17, 185557
What are the prime factors of 40442170?
2, 5, 4044217
List the prime factors of 1929226822.
2, 964613411
What are the prime factors of 1956181?
73, 127, 211
List the prime factors of 145625834.
2, 23, 47, 193, 349
List the prime factors of 181733903.
13, 13979531
What are the prime factors of 1308344806?
2, 654172403
What are the prime factors of 241222238?
2, 120611119
List the prime factors of 219336951.
3, 191, 269, 1423
List the prime factors of 641925855.
3, 5, 389, 36671
What are the prime factors of 207079995?
3, 5, 1367, 10099
List the prime factors of 1101442461.
3, 7, 17, 3085273
What are the prime factors of 1193902672?
2, 74618917
What are the prime factors of 3609296295?
3, 5, 11, 73, 27241
What are the prime factors of 2786432154?
2, 3, 11, 107, 229, 1723
List the prime factors of 1968648684.
2, 3, 2879, 56983
What are the prime factors of 2226542067?
3, 7159, 11519
List the prime factors of 201562213.
107, 1883759
What are the prime factors of 2747591977?
13, 307, 688447
List the prime factors of 2768377022.
2, 439, 1481, 2129
List the prime factors of 137877383.
7, 41, 480409
What are the prime factors of 308367889?
79, 103, 37897
What are the prime factors of 333350188?
2, 1973, 42239
What are the prime factors of 5253584?
2, 7, 6701
List the prime factors of 3692687301.
3, 410298589
What are the prime factors of 1310984029?
21101, 62129
List the prime factors of 98561.
98561
List the prime factors of 5841360842.
2, 2920680421
List the prime factors of 2344242132.
2, 3, 17, 3830461
What are the prime factors of 252989983?
252989983
What are the prime factors of 25551632?
2, 43, 37139
What are the prime factors of 53997642?
2, 3, 47, 83, 769
What are the prime factors of 1656386724?
2, 3, 138032227
List the prime factors of 10856206.
2, 5428103
What are the prime factors of 670917718?
2, 83, 953, 4241
List the prime factors of 319582838.
2, 23, 37, 103, 1823
List the prime factors of 1029863439.
3, 11, 37, 281153
What are the prime factors of 134630404?
2, 33657601
What are the prime factors of 13492932?
2, 3, 167, 6733
What are the prime factors of 1390796705?
5, 1601, 173741
List the prime factors of 9274876.
2, 13, 173, 1031
List the prime factors of 482852765.
5, 3571, 27043
List the prime factors of 55844934.
2, 3, 53, 151, 1163
What are the prime factors of 973664659?
11, 3853, 22973
What are the prime factors of 106488325?
5, 4259533
What are the prime factors of 3511505605?
5, 702301121
What are the prime factors of 266169954?
2, 3, 1051, 42209
What are the prime factors of 232645500?
2, 3, 5, 19, 907
List the prime factors of 825849521.
7, 3943, 29921
What are the prime factors of 721068486?
2, 3, 2089, 57529
List the prime factors of 132418629.
3, 7, 43, 6983
What are the prime factors of 41851253?
41851253
What are the prime factors of 3265910078?
2, 31, 563, 93563
What are the prime factors of 150951994?
2, 75475997
List the prime factors of 34151563.
47, 726629
List the prime factors of 661522162.
2, 7, 47251583
List the prime factors of 219984954.
2, 3, 7, 151, 34687
List the prime factors of 127268911.
7, 11, 1652843
What are the prime factors of 454817390?
2, 5, 45481739
What are the prime factors of 9181163422?
2, 31, 148083281
What are the prime factors of 1160775767?
1571, 738877
List the prime factors of 160069441.
7, 22867063
List the prime factors of 11285745.
3, 5, 752383
What are the prime factors of 98425460?
2, 5, 7, 703039
List the prime factors of 43072892.
2, 599, 17977
What are the prime factors of 164412478?
2, 43, 97, 19709
List the prime factors of 4063748222.
2, 149, 463, 29453
What are the prime factors of 7155629?
13, 3257
List the prime factors of 5906228700.
2, 3, 5, 19687429
What are the prime factors of 636808864?
2, 19, 283, 3701
What are the prime factors of 7587258?
2, 3, 7, 131, 197
What are the prime factors of 342201878?
2, 171100939
What are the prime factors of 70796622?
2, 3, 13, 19, 23, 31, 67
List the prime factors of 1969857146.
2, 8297, 118709
What are the prime factors of 3946943309?
3946943309
List the prime factors of 195248394.
2, 3, 11, 109567
What are the prime factors of 2152045725?
3, 5, 17, 43, 2309
Wha